 (428 - 453) + (53 - 1).
27
What is the value of -14 + 24 + 6 - 7?
9
Evaluate 14 - (0 + 22) - (-6 + -6 + 13).
-9
What is the value of -2 + (4 - 23) + 11?
-10
What is the value of 39 - -2 - (30 + -2)?
13
Calculate 107 - 125 - (-30 - 9).
21
Evaluate 3 + 9 + -3 - 5 - 4 - 6.
-6
What is the value of -8 + 11 - ((6 - 2) + 6)?
-7
What is the value of (5 - (0 + 0)) + 9 + -3?
11
Evaluate 8 + 2 + -24 + 5 + -7.
-16
What is the value of (-18 - 0) + 29 + -22?
-11
What is the value of 7 + -7 + (14 - 15) + 1 - 19?
-19
Evaluate 2 + (-12 + 1 - -5) + (-3 - 0).
-7
What is the value of -11 + 2 + 6 + (-7 - -2)?
-8
What is -9 - -19 - (-6 + -2)?
18
Evaluate 2 + -3 + -3 + 5 - -3 - 0.
4
-5 + (-2 - -14) + -5 + -9
-7
What is the value of 1 + (-8 - -2) - (-12 - (-6 + 2))?
3
Evaluate -2 + 5 - 3 - (-6 + -21 + 15).
12
What is the value of 4 + -8 + -14 + 27 + 0 + -2?
7
Evaluate (6 - 24) + -2 + -1 - -5.
-16
What is (-124 - -120) + -8 + -1 + -3?
-16
-11 + 2 + 4 + 10
5
11 - (8 - (-8 + -1 - (36 + -48)))
6
Evaluate (-9 - -1) + -1 + 3 + 24 + -1.
17
What is 91 + -62 - (3 + (-7 + 2 - -7))?
24
5 + 1 - 5 - -4
5
Calculate 3 - (4 - (-30 - ((-5 - 1) + -2))).
-23
(-5 - -23) + (-23 - 6)
-11
What is the value of -15 + (7 - (2 + -29))?
19
1 + 7 - (5 - (-3 + 13))
13
Evaluate -13 - (-48 + (38 - 21)).
18
-26 + 37 - (2 + -7 - 1)
17
What is the value of 1 - 5 - (-54 + 13 - -24)?
13
Calculate (10 - 17 - -9) + -4 + (0 - 10).
-12
Evaluate -7 + 30 + 2 + -26.
-1
Evaluate (3 + -8 - -9) + -2 - 2.
0
Evaluate -10 - (-5 + 9) - ((-3 - 13) + 11).
-9
What is the value of 2 - 3 - (-20 + -4 - -37)?
-14
16 + (-12 - (-25 - -15))
14
Calculate 1 - -1 - (-7 - (-5 + 13) - -23).
-6
Calculate (0 + 1 - (-2 - 0)) + (-34 - -39).
8
0 + -7 + 5 + -6 + (-3 - -10)
-1
-2 + 0 + (18 + -22 - (-2 + -3))
-1
Calculate (1 - -9) + -178 + 162.
-6
Evaluate 19 - (5 + -2 - (-5 + -35)).
-24
What is the value of 4 - (-22 - -53) - (-3 + (1 - 6))?
-19
Calculate 1 + -9 + 26 + -11.
7
What is the value of 7 - (11 - 25 - -5 - -17)?
-1
15 + (-2 - -21 - 39)
-5
What is 6 + -3 + -1 + 13 - 0?
15
Evaluate (13 - 11) + -13 + 8 + 8.
5
What is the value of 10 + (126 - 117) + -1 + -17 + 2?
3
Evaluate -6 + -4 + ((-3 - 4) + 2 - -1).
-14
What is the value of (-3 - (9 + -11)) + (-1 - -3)?
1
What is the value of (33 - 41) + -21 + 31?
2
Evaluate (-13 - -4) + (-13 - (9 + -18)) + 3.
-10
What is (1 - 4) + (24 - 28) + -2?
-9
13 + (-44 + 33 - 12)
-10
Calculate 3 + -12 + (730 - 736).
-15
9 + -9 + 0 - -3 - -1
4
What is the value of ((0 - (-2 - 6)) + -6 - 9) + 2?
-5
Evaluate -5 + (-12 - -16) - (7 - -6).
-14
Evaluate 17 - (0 + 1 + 9).
7
(-55 - (-163 + 103)) + (1 + -1 - -25)
30
-35 + -33 + 82 - 46
-32
What is 5 - (0 - (3 - (5 - 6)))?
9
What is the value of (-6 + 0 - -1) + (-35 - -33)?
-7
Evaluate (4 - 9) + -32 - -15.
-22
Calculate (15 - 50) + (0 - -1) + (5 - -4).
-25
Calculate -4 + 17 + (30 - 23 - 22).
-2
What is 13 + -52 + 36 + (-2 - 0 - -10)?
5
What is the value of -81 + 48 + (-11 - -30)?
-14
Calculate -17 - (-18 - -15) - (-19 - -9).
-4
What is the value of (-41 - 6) + 10 + 14?
-23
Evaluate 14 + 2 + 2 + (5 - 16).
7
Evaluate (63 - 56) + (15 - 4 - -4).
22
What is the value of (1 - 5 - 11) + 22 - (4 - -2)?
1
(-4 - -17) + (9 - 4 - (7 - 0))
11
(-1 + -1 - (-1 - -3)) + 8 + -5
-1
Calculate -26 + 8 - (-20 + 12).
-10
What is the value of 37 - (3 - -41) - -28?
21
Calculate -21 + 11 + 13 + -37.
-34
(12 - 13 - -6) + (-44 - -7) + 6
-26
Evaluate (1 - 1) + (43 - 25 - 43).
-25
What is -15 + (-21 - -25) + -9?
-20
-35 - (3 + -23 - -7)
-22
20 - 5 - (3 + 15 - -1)
-4
(-70 - -72) + -2 + -2 - (2 + -14)
10
Calculate 11 - (-4 + 13 - 6).
8
(4 - 7) + 13 + 0
10
Evaluate 1 - 7 - (5 - (7 - 13 - -14)).
-3
What is the value of 904 - 908 - (1 + 23 - 1)?
-27
Evaluate -8 + (-1 - (0 + 0)) + (-19 - -25).
-3
What is the value of 14 + (2 - (57 - 28))?
-13
What is the value of (-6 - 2) + 18 + -10 - -8?
8
What is -3 - -1 - (7 - (9 + -2) - -7)?
-9
What is the value of (-17 - -6 - 20) + 17?
-14
What is 17 - (-9 - -43) - -31?
14
What is 29 + (-23 - -41 - 26)?
21
Calculate (0 - 1) + 26 + -14.
11
What is the value of 23 - (-27 - -21 - -30)?
-1
Evaluate (18 + -17 - (-1 + -5)) + 0.
7
1 + 18 + -23 + 7
3
Calculate -34 - (-4 - -13) - -27.
-16
8 + (55 - 31) + -69
-37
What is (29 - (28 - -7)) + 0 + -4?
-10
What is 649 + -632 + (8 - (0 + 1 + 1))?
23
(6 - (-6 - (-3 + 1) - 1)) + -3
8
Calculate -5 + 11 + 8 - (11 - 1).
4
What is (-2 - -3) + 12 + -2 + -11?
0
What is the value of 18 - (-1 - (-5 - -15) - -22)?
7
5 + ((-10 - -10) + -4 - (-1 - 2))
4
Evaluate 3 + (-5 - 0 - -8) + 10 + -18.
-2
Evaluate (-5 - (7 - 9)) + 9 + -18.
-12
(-2 - (2 - 2 - 5) - 0) + -12
-9
Calculate 14 - (21 - -2) - -18.
9
What is the value of 18 + (-51 - -17) + 5?
-11
What is the value of -21 + -22 + 24 + -12?
-31
What is the value of (3 - -4) + ((0 - 5) + 2 - 4)?
0
(8 - (-6 + 2)) + (10 - 9)
13
5 - -9 - 9 - -4
9
Calculate -24 - -19 - (-27 + 9).
13
What is the value of -6 + -11 + 11 + 14?
8
Calculate 7 + -18 + 4 + (10 - -4).
7
Evaluate -19 + (-14 - -19 - (-1 - -9) - -11).
-11
Evaluate (4 - (-28 + 29)) + 21.
24
(-16 - -1) + (-31 - -38)
-8
Evaluate -8 + (-7 + 10 - (-19 - 1)).
15
Evaluate -169 + 178 + -7 + (2 - 2) + -3.
-1
What is -2 - 3 - (-88 + 90 - (-1 + 10))?
2
(12 - 5 - 25) + 20
2
What is (-12 - (-3 + (-8 - (6 + -12)))) + 30?
23
Evaluate 0 + -16 + (-38 - -44).
-10
What is the value of 11 + 0 + (15 + -18 + -4 - -3)?
7
What is (-8 + 13 - 9) + (-2 + 8 - 30)?
-28
Calculate (-3 - (0 + 4 - 2)) + 623 + -627.
-9
What is the value of -9 + (-138 - -120) + 2 + -5?
-30
Evaluate 17 + (8 - 9) - 16.
0
What is the value of -2 + 9 + (-13 - -2)?
-4
Evaluate -20 + (0 - -4) + 0 + 0.
-16
Calculate -2 + -3 + 16 + 3 + -5.
9
Evaluate -10 - (3 + -7 - (9 - 28)).
-25
What is -168 - -149 - (0 + 1 + -2)?
-18
-5 + (-1 - -2) + (-29 - -35) + -3
-1
Calculate 21 - (4 + (-1 - 0 - -9)).
9
Evaluate 205 - 209 - (-1 - (0 - 27 - -1)).
-29
Calculate 0 + -1 + -8 - (-17 - (-18 - 3)).
-13
-32 - -57 - (33 - 35)
27
What is the value of 14 - (32 - (13 - 9))?
-14
What is 23 - (18 + 11) - -1?
-5
What is the value of 3 - ((11 - 15) + (-2 - 3) + 3)?
9
What is the value of -37 - (9 - 31) - 11?
-26
Evaluate (15 - 2) + -1 + 3 + 2 - 6.
11
What is the value of 24 + (-26 - -14) + 10?
22
What is (85 - 105) + -4 + 21?
-3
9 + 1 + (-4 - 23) + 54
37
Calculate (-2 - -2) + (-62 - -55).
-7
-13 + 9 + (-12 - (8 - 8))
-16
Evaluate (-90 + 93 - (2 + 5)) + 4.
0
Calculate 4 + -16 + (13 - 12) + (24 - 15).
-2
Evaluate -7 + (-63 - -63) + -1 + -10.
-18
Calculate -7 + (-14 - -1) - (3 + -11 + 3).
-15
What is the value of -14 + -14 + -6 + 11?
-23
Calculate (94 - 72) + -35 + 16.
3
25 + 8 - 24 - (-6 - 1)
16
0 + 6 + -7 + 24 + -24
-1
3 + 1 + (5 - (21 - 10))
-2
What is the value of 40 - (9 + 28 + 23)?
-20
Evaluate (0 - 12) + (-9 - (13 - 38)).
4
What is (-22 - (25 + 23)) + 35?
-35
Calculate (123 - 117) + 5 + -19.
-8
(-1 - -8) + -22 + 10 + 6 - -7
8
What is the value of 3 + -10 + (29 - 34)?
-12
What is 4 - (1 + 1) - (9 - 14 - 1)?
8
1 + (1 + 30 - 25 - (-1 + 17))
-9
5 - ((-8 - -8 - 7) + 15)
-3
Evaluate -21 + -11 + 21 - -10.
-1
What is the value of (24 - (-1 - -7 - 11)) + -17?
12
(5 - 0 - 1) + 6 + -42
-32
Evaluate 6 + (-14 - (4 + 1 + 4)).
-17
What is -36 + (-1 - 7 - (3 + (33 - 43)))?
-37
What is the value of (9 - 0) + -9 + -7 + -1 + 22?
14
What is -1 - -1 - (350 + -315 - (0 - -12))?
-23
What is (34 - 42) + -26 + 9 + 2?
-23
What is 0 + -10 + (-171 - -159)?
-22
What is the value of (0 + -2 - 3) + -1 + 12 + 4?
10
What is 6 + -3 + 5 + 4 - -11?
23
Calculate -3 - -4 - (2 + -8 + 4) - -3.
6
-1 + -1 + (-98 - -104) - 0
4
31 + (-10 - 19) + 0 + -5
-3
What is the value of -6 - (5 + -8 - 10) - (-9 + 2)?
14
Calculate -7 + (10 - 12) - (0 + -4).
-5
2 + (15 - 0) - 19
-2
What is the value of -4 - (17 - (2 + -5)) - (-7 + 1)?
-18
What is the value of 675 - 647 - (-1 + -3)?
32
Calculate (-26 - -36) + -52 - (-12 - -2).
-32
Calculate -7 + 1 + -1 - (1114 - 1112).
-9
What is the value of (0 - 25) + ((-16 - -3) + -1 - -17)?
-22
What is the value of -7 - (-9 + 24 + -19)?
-3
Evaluate (3 - ((10 - -2) + -3)) + -2.
-8
What is -1 + (-1 - -6) - (7 + (6 - 11))?
2
Evaluate 0 - (5 - (-7 - -17)) - -9.
14
(-20 - -44) + (-4 - 10)
10
Evaluate 1 + (-22 - (-29 + 22)).
-14
What is -52 + 60 + -4 + (-1 - 4) + -4?
-5
Calculate 3 + -4 - -1 - (34 + -7 - 6).
-21
Evaluate (17 - (13 + 11)) + 13.
6